{"id":23,"date":"2022-11-01T14:14:39","date_gmt":"2022-11-01T13:14:39","guid":{"rendered":"https:\/\/localhost\/kvf\/?page_id=23"},"modified":"2026-02-21T13:00:04","modified_gmt":"2026-02-21T12:00:04","slug":"vorstand","status":"publish","type":"page","link":"https:\/\/fasenickl.de\/?page_id=23","title":{"rendered":"Kulturverein"},"content":{"rendered":"\n<p>Nachfolgend stellt sich Vorstandschaft des Kulturvereins &#8222;Die Fasenickl&#8220; (KVF) vor. Wir sind immer dankbar f\u00fcr neue Ideen und Vorschl\u00e4ge. Gerne k\u00f6nnt ihr uns diese direkt \u00fcber die u. g. Kontakte zukommen lassen. Terminanfragen f\u00fcr Auftritte unseres Hofstaats \/ Garden und Fasenickl k\u00f6nnen auch direkt \u00fcber <a href=\"mailto:auftritte@fasenickl.de \">auftritte@fasenickl.de<\/a> erfolgen. Wir freuen uns nat\u00fcrlich \u00fcber jede einzelne Anfrage \ud83d\ude0a.<\/p>\n\n\n<p>&nbsp;<\/p>\n<figure class=\"wp-block-image size-medium\"><img decoding=\"async\" class=\"aligncenter\" style=\"width: 60%;\" src=\"https:\/\/fasenickl.de\/wp-content\/uploads\/2022\/11\/IMG_0584kl.jpg\" alt=\"\"><\/figure>\n\n\n<p class=\"has-text-align-center\"><strong>Vorstandschaft<\/strong><\/p>\n\n\n<figure class=\"wp-block-table\"><\/figure>\n<figure class=\"wp-block-table\">\n<table class=\"has-fixed-layout\">\n<tbody>\n<tr>\n<td style=\"text-align: center;\"><a href=\"https:\/\/fasenickl.de\/?page_id=660\">1. Vorstand<\/a><\/td>\n<td style=\"text-align: center;\">2. Vorstand<\/td>\n<td style=\"text-align: center;\"><a href=\"https:\/\/fasenickl.de\/?page_id=732\">1. Kassiererin<\/a><\/td>\n<td style=\"text-align: center;\">2. Kassiererin<\/td>\n<\/tr>\n<tr>\n<td><a href=\"https:\/\/fasenickl.de\/?page_id=660\"><img decoding=\"async\" class=\"wp-image-1\" src=\"https:\/\/fasenickl.de\/wp-content\/uploads\/2022\/12\/Eva.png\" alt=\"Eva\"><\/a><\/td>\n<td><img decoding=\"async\" class=\"wp-image-2\" src=\"https:\/\/fasenickl.de\/wp-content\/uploads\/2022\/12\/Toni.png\" alt=\"Toni\"><\/td>\n<td><a href=\"https:\/\/fasenickl.de\/?page_id=732\"><img decoding=\"async\" class=\"wp-image-3\" src=\"https:\/\/fasenickl.de\/wp-content\/uploads\/2022\/12\/Carina.png\" alt=\"Carina\"><\/a><\/td>\n<td><img decoding=\"async\" class=\"wp-image-4\" src=\"https:\/\/fasenickl.de\/wp-content\/uploads\/2025\/01\/KVF-Profilbilder_20250107_001614_0000.png\" alt=\"Jenny\"><\/td>\n<\/tr>\n<tr>\n<td style=\"text-align: center;\"><a href=\"https:\/\/fasenickl.de\/?page_id=660\">Eva Schermer<\/a><\/td>\n<td style=\"text-align: center;\">Anton B\u00f6gelein<\/td>\n<td style=\"text-align: center;\"><a href=\"https:\/\/fasenickl.de\/?page_id=732\">Carina Schermer<\/a><\/td>\n<td style=\"text-align: center;\">Jennifer Legl<\/td>\n<\/tr>\n<\/tbody>\n<\/table>\n<\/figure>\n<figure class=\"wp-block-table\"><\/figure>\n<figure class=\"wp-block-table\">\n<p>&nbsp;<\/p>\n<table class=\"has-fixed-layout\">\n<tbody>\n<tr>\n<td style=\"text-align: center;\">Schriftf\u00fchrerin<\/td>\n<td style=\"text-align: center;\">Schriftf\u00fchrerin<\/td>\n<td style=\"text-align: center;\"><a href=\"https:\/\/fasenickl.de\/?page_id=709\">Oberfasenickl<\/a><\/td>\n<td style=\"text-align: center;\"><a href=\"https:\/\/fasenickl.de\/?page_id=736\">Hofmarschall<\/a><\/td>\n<\/tr>\n<tr>\n<td style=\"text-align: center;\">Bild folgt<\/td>\n<td><img decoding=\"async\" class=\"wp-image-5\" src=\"https:\/\/fasenickl.de\/wp-content\/uploads\/2022\/12\/Petra.png\" alt=\"Petra\"><\/td>\n<td><a href=\"https:\/\/fasenickl.de\/?page_id=709\"><img decoding=\"async\" src=\"https:\/\/fasenickl.de\/wp-content\/uploads\/2022\/12\/Brucki.png\" alt=\"Brucki\"><\/a><\/td>\n<td><a href=\"https:\/\/fasenickl.de\/?page_id=736\"><img decoding=\"async\" src=\"https:\/\/fasenickl.de\/wp-content\/uploads\/2022\/12\/Juergen.png\" alt=\"Juergen\"><\/a><\/td>\n<\/tr>\n<tr>\n<td style=\"text-align: center;\">Graziella Sichert<\/td>\n<td style=\"text-align: center;\">Petra Honner<\/td>\n<td style=\"text-align: center;\"><a href=\"https:\/\/fasenickl.de\/?page_id=709\">Lukas Bruckschl\u00f6gl<\/a><\/td>\n<td style=\"text-align: center;\"><a href=\"https:\/\/fasenickl.de\/?page_id=736\">J\u00fcrgen K\u00f6ppel<\/a><\/td>\n<\/tr>\n<\/tbody>\n<\/table>\n<\/figure>\n<figure class=\"wp-block-table\">\n<figure class=\"wp-block-table\">\n<p>&nbsp;<\/p>\n<table class=\"has-fixed-layout\">\n<tbody>\n<tr>\n<td style=\"text-align: center;\"><a href=\"https:\/\/fasenickl.de\/?page_id=728\">Pr\u00e4sident<\/a><\/td>\n<td style=\"text-align: center;\">Beisitzer<\/td>\n<td style=\"text-align: center;\">Beisitzer<\/td>\n<td style=\"text-align: center;\">Beisitzer<\/td>\n<\/tr>\n<tr>\n<td><a href=\"https:\/\/fasenickl.de\/?page_id=728\"><img decoding=\"async\" src=\"https:\/\/fasenickl.de\/wp-content\/uploads\/2022\/12\/Brummi.png\" alt=\"Brummi\"><\/a><\/td>\n<td><img decoding=\"async\" src=\"https:\/\/fasenickl.de\/wp-content\/uploads\/2022\/12\/Raphi.png\" alt=\"Raphi\"><\/td>\n<td><img decoding=\"async\" src=\"https:\/\/fasenickl.de\/wp-content\/uploads\/2022\/12\/Lucas.png\" alt=\"Lucas\"><\/td>\n<td><img decoding=\"async\" src=\"https:\/\/fasenickl.de\/wp-content\/uploads\/2022\/12\/Tom.png\" alt=\"Tom\"><\/td>\n<\/tr>\n<tr>\n<td style=\"text-align: center;\"><a href=\"https:\/\/fasenickl.de\/?page_id=728\">Sebastian M\u00fcnchsmeier<\/a><\/td>\n<td style=\"text-align: center;\">Raphael Trost<\/td>\n<td style=\"text-align: center;\">Lucas Gehr<\/td>\n<td style=\"text-align: center;\">Thomas Renner<\/td>\n<\/tr>\n<\/tbody>\n<\/table>\n<\/figure>\n<\/figure>","protected":false},"excerpt":{"rendered":"<p>Nachfolgend stellt sich Vorstandschaft des Kulturvereins &#8222;Die Fasenickl&#8220; (KVF) vor. Wir sind immer dankbar f\u00fcr neue Ideen und Vorschl\u00e4ge. Gerne k\u00f6nnt ihr uns diese direkt \u00fcber die u. g. Kontakte zukommen lassen. Terminanfragen f\u00fcr Auftritte unseres Hofstaats \/ Garden und <span class=\"readmore\"><a href=\"https:\/\/fasenickl.de\/?page_id=23\">Weiterlesen &#8230;<\/a><\/span><\/p>\n","protected":false},"author":1,"featured_media":0,"parent":0,"menu_order":0,"comment_status":"closed","ping_status":"closed","template":"","meta":{"ngg_post_thumbnail":0,"footnotes":"","_links_to":"","_links_to_target":""},"class_list":["post-23","page","type-page","status-publish","hentry"],"_links":{"self":[{"href":"https:\/\/fasenickl.de\/index.php?rest_route=\/wp\/v2\/pages\/23","targetHints":{"allow":["GET"]}}],"collection":[{"href":"https:\/\/fasenickl.de\/index.php?rest_route=\/wp\/v2\/pages"}],"about":[{"href":"https:\/\/fasenickl.de\/index.php?rest_route=\/wp\/v2\/types\/page"}],"author":[{"embeddable":true,"href":"https:\/\/fasenickl.de\/index.php?rest_route=\/wp\/v2\/users\/1"}],"replies":[{"embeddable":true,"href":"https:\/\/fasenickl.de\/index.php?rest_route=%2Fwp%2Fv2%2Fcomments&post=23"}],"version-history":[{"count":53,"href":"https:\/\/fasenickl.de\/index.php?rest_route=\/wp\/v2\/pages\/23\/revisions"}],"predecessor-version":[{"id":2390,"href":"https:\/\/fasenickl.de\/index.php?rest_route=\/wp\/v2\/pages\/23\/revisions\/2390"}],"wp:attachment":[{"href":"https:\/\/fasenickl.de\/index.php?rest_route=%2Fwp%2Fv2%2Fmedia&parent=23"}],"curies":[{"name":"wp","href":"https:\/\/api.w.org\/{rel}","templated":true}]}}